{"id":687,"date":"2017-01-04T23:17:12","date_gmt":"2017-01-04T21:17:12","guid":{"rendered":"http:\/\/hsv-starnberg.de\/?page_id=687"},"modified":"2023-03-18T23:38:09","modified_gmt":"2023-03-18T21:38:09","slug":"vereinssatzungen","status":"publish","type":"page","link":"https:\/\/hsv-starnberg.de\/?page_id=687","title":{"rendered":"Satzungen, Ordnungen und Diverses"},"content":{"rendered":"<ul>\n<li><a href=\"http:\/\/hsv-starnberg.de\/wp-content\/uploads\/2017\/01\/HSV-STA-Satzung-2017-endg.pdf\" target=\"_blank\" rel=\"noopener noreferrer\">Vereinssatzung<\/a> ab Januar 2017\u00a0 *)<\/li>\n<li><a href=\"http:\/\/hsv-starnberg.de\/wp-content\/uploads\/2017\/01\/HSV-STA-Beitrag-2017-akt.pdf\" target=\"_blank\" rel=\"noopener noreferrer\">Beitragsordnung<\/a>, Stand Januar 2017<\/li>\n<li><a href=\"http:\/\/hsv-starnberg.de\/wp-content\/uploads\/2017\/01\/HSV-STA-Beitrag-2019-akt.pdf\" target=\"_blank\" rel=\"noopener noreferrer\">Beitragsordnung,<\/a> Stand 1.1.2020<\/li>\n<li><a href=\"http:\/\/hsv-starnberg.de\/wp-content\/uploads\/2017\/01\/HSV-STA-Platzordnung-2017-akt.pdf\" target=\"_blank\" rel=\"noopener noreferrer\">Platzordnung<\/a>, Stand\u00a0Januar 2017<\/li>\n<li><a href=\"http:\/\/hsv-starnberg.de\/wp-content\/uploads\/2017\/01\/HSV-STA-Datenschutz-Mitglieder-2017-akt.pdf\" target=\"_blank\" rel=\"noopener noreferrer\">Datenschutzerkl\u00e4rung f\u00fcr Mitglieder<\/a>, Stand Januar 2017<\/li>\n<\/ul>\n<ul>\n<li><a href=\"http:\/\/hsv-starnberg.de\/wp-content\/uploads\/2017\/01\/Verbandsstruktur_FCI_VDH_dhv_BLV.pdf\" target=\"_blank\" rel=\"noopener noreferrer\">Verbandsstruktur<\/a> vom BLV bis zum FCI<\/li>\n<\/ul>\n<ul>\n<li><a href=\"http:\/\/hsv-starnberg.de\/wp-content\/uploads\/2017\/01\/Bestellung-LU-und-EB.pdf\" target=\"_blank\" rel=\"noopener noreferrer\">Merkblatt f\u00fcr die Beantragung von Leistungsurkunden<\/a><\/li>\n<li><a href=\"http:\/\/hsv-starnberg.de\/wp-content\/uploads\/2017\/01\/LU_Datenblatt_03.2018.pdf\" target=\"_blank\" rel=\"noopener noreferrer\">Datenblatt f\u00fcr die Beantragung\u00a0 von Leistungsurkunden<\/a> \u00a0 \u00a0 \u00a0 \u00a0 \u00a0 \u00a0\u00a0 zum Ausdrucken<\/li>\n<li><a href=\"http:\/\/hsv-starnberg.de\/wp-content\/uploads\/2017\/01\/LU_Datenblatt_03.2018.doc\">Datenblatt f\u00fcr die Beantragung von Leistungsurkunden<\/a> \u00a0 \u00a0 \u00a0 \u00a0 \u00a0 \u00a0 \u00a0 \u00a0 am PC ausf\u00fcllbar<\/li>\n<li><a href=\"http:\/\/hsv-starnberg.de\/wp-content\/uploads\/2017\/01\/Infoblatt-Arbeitstunden-ab-2019.pdf\">Infoblatt Arbeitsstunden<\/a><\/li>\n<\/ul>\n<p>*) Unsere alte Satzung aus dem Jahre 1999 entsprach nicht mehr den modernen Anforderungen von heute. Deshalb wurde unsere Satzung ab 2017 neu gefa\u00dft. Die Genehmigung durch die Mitgliederversammlung wird am 14. Janaur 2017 erfolgen.<\/p>\n","protected":false},"excerpt":{"rendered":"<p>Vereinssatzung ab Januar 2017\u00a0 *) Beitragsordnung, Stand Januar 2017 Beitragsordnung, Stand 1.1.2020 Platzordnung, Stand\u00a0Januar 2017 Datenschutzerkl\u00e4rung f\u00fcr Mitglieder, Stand Januar 2017 Verbandsstruktur vom BLV bis zum FCI Merkblatt f\u00fcr die Beantragung von Leistungsurkunden Datenblatt f\u00fcr die Beantragung\u00a0 von Leistungsurkunden \u00a0 \u00a0 \u00a0 \u00a0 \u00a0 \u00a0\u00a0 zum Ausdrucken Datenblatt f\u00fcr die Beantragung von Leistungsurkunden \u00a0 \u00a0 &hellip; <a href=\"https:\/\/hsv-starnberg.de\/?page_id=687\" class=\"more-link\"><span class=\"screen-reader-text\">Satzungen, Ordnungen und Diverses<\/span> weiterlesen <span class=\"meta-nav\">&rarr;<\/span><\/a><\/p>\n","protected":false},"author":1,"featured_media":0,"parent":140,"menu_order":0,"comment_status":"closed","ping_status":"closed","template":"","meta":{"footnotes":""},"class_list":["post-687","page","type-page","status-publish","hentry"],"_links":{"self":[{"href":"https:\/\/hsv-starnberg.de\/index.php?rest_route=\/wp\/v2\/pages\/687","targetHints":{"allow":["GET"]}}],"collection":[{"href":"https:\/\/hsv-starnberg.de\/index.php?rest_route=\/wp\/v2\/pages"}],"about":[{"href":"https:\/\/hsv-starnberg.de\/index.php?rest_route=\/wp\/v2\/types\/page"}],"author":[{"embeddable":true,"href":"https:\/\/hsv-starnberg.de\/index.php?rest_route=\/wp\/v2\/users\/1"}],"replies":[{"embeddable":true,"href":"https:\/\/hsv-starnberg.de\/index.php?rest_route=%2Fwp%2Fv2%2Fcomments&post=687"}],"version-history":[{"count":17,"href":"https:\/\/hsv-starnberg.de\/index.php?rest_route=\/wp\/v2\/pages\/687\/revisions"}],"predecessor-version":[{"id":5273,"href":"https:\/\/hsv-starnberg.de\/index.php?rest_route=\/wp\/v2\/pages\/687\/revisions\/5273"}],"up":[{"embeddable":true,"href":"https:\/\/hsv-starnberg.de\/index.php?rest_route=\/wp\/v2\/pages\/140"}],"wp:attachment":[{"href":"https:\/\/hsv-starnberg.de\/index.php?rest_route=%2Fwp%2Fv2%2Fmedia&parent=687"}],"curies":[{"name":"wp","href":"https:\/\/api.w.org\/{rel}","templated":true}]}}